ivisor of 50 and b.
50
Suppose 5*x - 947 = 3*t, 6*x = 2*x + t + 752. Suppose 5*h - 44 = -4. Let k(z) = 2*z + 1. Let y be k(h). What is the greatest common factor of x and y?
17
Let g be ((-3)/(-1))/((-4)/(-20)). Let j(y) = 9*y - 3. Let r be j(2). What is the highest common divisor of r and g?
15
Let l(m) = -3*m - 8. Let v be l(-5). Calculate the greatest common factor of 1 and v.
1
Let w be 145/30 + 1/6. Suppose 0 = -l + w*l - 20. What is the greatest common divisor of 45 and l?
5
Let s = 69 + 21. Let v(i) = 16 + 5*i**3 + i**2 - 6*i**3 + 2 - i. Let y be v(0). What is the greatest common factor of y and s?
18
Let l(m) = -18*m + 1. Let n be l(5). Let i(u) = -2*u**2 + 8*u - 7. Let z be i(7). Let k = z - n. Calculate the highest common factor of 16 and k.
8
Suppose -35 = -14*r + 9*r. Calculate the highest common factor of 77 and r.
7
Let t(y) = 2*y**2 + 8*y - 8. Suppose 4*u - u = -18. Let n be t(u). Calculate the greatest common factor of 24 and n.
8
Suppose 11 = 4*u - 29. Let w(y) = -y**2 - 14*y - 14. Let j be w(-12). What is the greatest common divisor of u and j?
10
Let d be ((-9)/18)/(2/(-16)). Suppose -d*b = -6 - 26. Let n be (4/(-1 - -3))/2. Calculate the greatest common factor of b and n.
1
Suppose 4*p = -5*y + 1 + 4, -5*y - p = -20. What is the greatest common divisor of y and 20?
5
Let a be 5*1/(20/12). Suppose -3*l + 10 = 2*l. Calculate the greatest common factor of a and l.
1
Suppose 2*b - 26 = 4*v, v = b - 0*v - 8. Let j be (-2 - 0) + 3 + 5. What is the highest common divisor of b and j?
3
Let j = -54 + 102. Let x(i) = 13*i - 1. Let n be (-14)/(-10) + (-2)/5. Let z be x(n). Calculate the highest common factor of z and j.
12
Suppose 0 = 2*w - 15 - 1. Suppose -w*a = -3*a - 350. What is the highest common divisor of a and 10?
10
Let t be 0 + 2 - (-36)/2. Suppose 3*h + 12 = 0, -h = -4*v - 0*h + t. Suppose v*c = 40 + 12. Calculate the greatest common factor of c and 143.
13
Suppose 0 = 2*l - 20 - 20. Calculate the greatest common divisor of 20 and l.
20
Let s(j) = -11*j + 68. Let i be s(6). What is the highest common factor of 38 and i?
2
Let x(b) = -68*b - 43. Let k be x(-5). Calculate the highest common factor of 27 and k.
27
Let j = -74 + 75. Calculate the highest common factor of 1 and j.
1
Let l(r) = r**3 + 3*r**2 - 5*r. Let u be l(2). Calculate the greatest common factor of 20 and u.
10
Let j be (-29)/(-5) + 36/(-45). Let h = 35 - j. What is the highest common factor of h and 15?
15
Let i be (24/(-18))/((-2)/9). Suppose i = n - 5*w, -5*n + w + 39 = -63. What is the greatest common factor of 105 and n?
21
Let w = 44 + -28. Suppose 49 = 5*k - 151. What is the highest common factor of w and k?
8
Let b be 0*1*-1 - -30. Let q(f) = -f**2 + 16*f - 50. Let m be q(10). What is the greatest common factor of m and b?
10
Suppose k - 4*p - 44 = -3*k, -2*k = p - 31. What is the greatest common factor of k and 2?
2
Suppose v = 5*v + 128. Let o = v + 72. What is the highest common divisor of 8 and o?
8
Let i be (-1 - 9)*((-1128)/15)/2. Calculate the greatest common divisor of i and 47.
47
Let n = -108 + 118. Calculate the greatest common divisor of n and 2.
2
Let q = -2 + 0. Let h be (-1*(0 + 10))/q. Suppose h*y - 3*y = 4. Calculate the greatest common factor of y and 10.
2
Let x(w) = -7*w - 1. Let i be x(-2). Let j be (-1452)/(-26) + 2/i. What is the highest common divisor of j and 14?
14
Let v be 5*(-4 + 5)*26. What is the greatest common factor of 26 and v?
26
Let m be -36*(-1 + (-9)/3). Suppose -2*g - 4*k = -24, -4*g + 2*g - 3*k + 26 = 0. What is the greatest common factor of g and m?
16
Suppose -5 = b, b = -5*q - 4*b. Suppose 2*j + 2*a = 24, q*j - 5*a + 2*a - 68 = 0. What is the highest common divisor of j and 39?
13
Suppose 4*m + 3*z + z - 36 = 0, 5*m - 43 = -3*z. Suppose -11*j + m*j = -12. What is the highest common divisor of j and 44?
4
Let u(d) = -d**2 + 7*d - 6. Let c be u(5). Suppose 5*z - c*z = -3*h + 73, 48 = 2*h + z. Let b = h + 14. What is the greatest common divisor of 26 and b?
13
Suppose 0*m = -2*m + 5*b + 125, -245 = -4*m + 5*b. Suppose 5*t = -z + 37, -3*t + 0*t + 3 = -z. What is the greatest common factor of z and m?
12
Let j = -19 + 33. Let h be (2/3)/(2/21). What is the highest common divisor of h and j?
7
Suppose 0 = 2*n - 28 + 94. Let j = 113 + n. Calculate the greatest common factor of 20 and j.
20
Let g(b) = b**2 - b - 1. Let r(a) = a**2 + 2*a + 1. Let u(c) = -2*g(c) + r(c). Let k be u(4). Let z = -1 + 28. What is the greatest common factor of z and k?
3
Suppose 0 = 5*q + 17 + 18. Let t be (-6)/q*(2 + 26). What is the highest common divisor of 16 and t?
8
Let y be 2/(-3) + (-16)/(-6). Suppose 5*o + 3*n - 14 = 0, -y*o - 5*n + 21 - 4 = 0. Let t = -7 + 14. What is the greatest common divisor of o and t?
1
Let z(a) = -a**3 + 14*a**2 + 2*a - 2. Let i be z(14). Calculate the highest common divisor of 26 and i.
26
Suppose 2*t + 2 = 0, 2*y - 3*y = 2*t - 64. Suppose 10 = -u + 4*z, 7*z - 3*z - 16 = 0. Let x = u + 0. What is the highest common divisor of y and x?
6
Suppose 2*y + 2*y = 5*x + 45, -4*y + 35 = -3*x. Suppose y*f + 16 - 81 = 0. Calculate the highest common factor of f and 91.
13
Let r(k) = k**3 - 17*k**2 + 14*k + 38. Let u be r(16). Let y be (1 - 3) + (12 - -2). Calculate the highest common divisor of y and u.
6
Suppose 7*r - 12*r = -280. Calculate the greatest common factor of r and 7.
7
Let t be ((-14)/35)/(3/(-15)). What is the greatest common factor of t and 22?
2
Suppose n - 2*v + 7 = -1, -2*v - 4 = 0. Let z = 28 - n. Calculate the highest common divisor of z and 8.
8
Let x = 246 + -165. Let j be (-1)/4 - 111/(-12). Calculate the greatest common factor of j and x.
9
Suppose 2 = 4*t - 2. Let p(q) = 98*q + 1. Let m be p(t). Suppose 8 = 4*n - 12, 3*l - 13 = 4*n. Calculate the highest common factor of l and m.
11
Let b(r) = -2*r**3 - r**2 - 10*r - 20. Let o be b(-3). Suppose 0 = y - 3*y + 22. Calculate the greatest common factor of o and y.
11
Suppose -5*a + 4*a + 140 = 0. What is the highest common factor of a and 20?
20
Let z(o) = 56*o - 8. Let u be z(2). Let d = 36 - 23. Calculate the highest common factor of d and u.
13
Let s(p) = 2*p**2 + 6*p - 4. Let h be s(-6). What is the greatest common factor of 96 and h?
32
Let m(c) = -c**3 + 6*c**2 + 18*c - 10. Let w be m(8). Calculate the highest common factor of 18 and w.
6
Let h be (-1)/5 + 1/5. Let f = 7 - 3. Suppose h = -3*t + f + 8. What is the greatest common factor of t and 32?
4
Suppose -216 = -5*f + j + 57, 4*j = 4*f - 212. What is the highest common factor of 11 and f?
11
Suppose -4*j - 2*p = 0, 5*j + 0*p + 2 = -3*p. Suppose 15 = 5*s, -j*c + 3*s + 51 = 3*c. Calculate the greatest common factor of 108 and c.
12
Suppose -3*r + 0*r = 6, r + 266 = 3*d. Calculate the highest common divisor of 11 and d.
11
Suppose 2*s + r = -0*s + 13, -4*s + 41 = -3*r. Let a = s + 19. Calculate the highest common divisor of a and 18.
9
Let k be (-20)/(2 + 3) - -66. Calculate the greatest common divisor of k and 31.
31
Suppose -2*f + 4*u + 0*u = -168, -5*u - 10 = 0. Suppose 8*l - f = 3*l. Suppose 4*i - 4 = l. Calculate the highest common factor of i and 1.
1
Let g(f) = 5*f**2 - 2*f - 1. Let a be g(-3). What is the greatest common divisor of 10 and a?
10
Let b(o) = -9*o + 2. Let q be b(-1). Calculate the greatest common factor of q and 1.
1
Let u be -42*(-2)/8*216/21. Calculate the greatest common divisor of 12 and u.
12
Suppose -3*w = -10*w + 147. Let r be (504/(-10))/4*-5. What is the greatest common factor of r and w?
21
Suppose -2*p + p - 3*s + 60 = 0, 249 = 4*p + 3*s. Calculate the highest common factor of p and 9.
9
Suppose p - 50 = -2*y + 6*p, -50 = -2*y - 2*p. Calculate the greatest common divisor of y and 275.
25
Let j be 38 + (0 - (-1)/1). Let k = 55 - j. What is the greatest common factor of k and 48?
16
Suppose 447 = g - 37. Suppose 3*i - 10 = i. Suppose i*p - g = p. Calculate the highest common factor of p and 11.
11
Let b = 40 + -16. Let f = 6 - 13. Let z(u) = -15*u - 9. Let c be z(f). Calculate the greatest common divisor of b and c.
24
Suppose 5*x + 3*m = 1445, 5*m + 47 + 270 = x. Suppose 5*a - 4*c = x, -152 - 78 = -4*a + 2*c. Calculate the highest common divisor of 14 and a.
14
Suppose 8*k = k + 1127. Calculate the greatest common factor of 23 and k.
23
Suppose -5*a = b